u(-5).
12
Let j(u) = -u**3 + 19*u**2 - 59*u + 5. Calculate j(15).
20
Let v(b) = 2*b - 24. Give v(0).
-24
Let x(b) = 10*b + 65. What is x(-9)?
-25
Let z(y) = 2*y - 30. What is z(12)?
-6
Let m(v) = -3*v**2 - 9*v + 11. Give m(-5).
-19
Let t(n) = -21*n - 1. Give t(-1).
20
Let j(i) = -i**3 + 15*i**2 - 14*i - 1. Give j(14).
-1
Let h(c) = 3*c - 11. Give h(1).
-8
Let a(u) = 13*u - 37. Determine a(4).
15
Let m(q) = -2*q**2 - 20*q + 1. Calculate m(-7).
43
Let f(s) = -s + 3. Give f(9).
-6
Let m(u) = u**2 - 27*u - 77. Determine m(24).
-149
Let c(w) = w**2 + 15*w + 6. Calculate c(-15).
6
Let a(y) = -y**3 + 4*y**2 + 7*y - 1. Give a(5).
9
Let i(u) = u - 7. Determine i(-2).
-9
Let l(p) = -p - 31. Determine l(-25).
-6
Let k(h) = -h**3 + 7*h - 5. Calculate k(-3).
1
Let x(f) = 35*f**3 + f**2 - 1. Calculate x(1).
35
Let k(z) = -8*z**2 - 16*z - 1. What is k(-3)?
-25
Let r(y) = -y**2 - 9*y - 6. Calculate r(-9).
-6
Let q(u) = u**2 + u + 1. Give q(-5).
21
Let o(r) = -r**2 + 6*r - 1. Give o(8).
-17
Let p(m) = -2*m**3 + 26*m**2 + 5*m - 12. Determine p(13).
53
Let p(n) = 6*n**2 + 31*n + 5. Determine p(-5).
0
Let m(y) = -6*y + 7. Give m(8).
-41
Let x(b) = b**2 - b - 2. What is x(-3)?
10
Let x(y) = -36*y + 182. What is x(5)?
2
Let d(a) = -18*a**3 + 4*a**2 - 4*a + 1. Calculate d(1).
-17
Let v(l) = l**3 + 5*l**2 + l - 5. Determine v(-6).
-47
Let k(m) = -m**3 + m**2 + 2*m + 12. Give k(3).
0
Let w(n) = n - 2. What is w(4)?
2
Let u(a) = 7*a + 22. Determine u(-5).
-13
Let w(s) = -s**3 + 8*s**2 - 5*s + 5. Calculate w(7).
19
Let d(j) = 3*j**2 + 12*j - 14. Calculate d(-6).
22
Let r(v) = 10*v**2 + 50*v + 6. Calculate r(-5).
6
Let w(q) = -q**2 - 4*q - 9. Determine w(-6).
-21
Let x(d) = -9*d - 1. Determine x(1).
-10
Let v(k) = -k + 58. What is v(50)?
8
Let p(y) = y**3 - 7*y**2 + 10*y - 15. Give p(5).
-15
Let r(j) = -3*j + 36. Determine r(16).
-12
Let c(j) = 12*j - 21. Calculate c(5).
39
Let l(n) = -n**3 + 5*n**2 - 3*n + 8. Give l(5).
-7
Let g(b) = b**3 - 4*b**2 - 2*b - 4. Calculate g(5).
11
Let n(r) = -r**2 - r - 3. Give n(-7).
-45
Let z(t) = 4*t - 7. What is z(-4)?
-23
Let v(t) = -t - 3. Determine v(-9).
6
Let f(y) = -y**3 + 12*y**2 - 13. What is f(12)?
-13
Let w(a) = -a - 7. What is w(-2)?
-5
Let c(n) = -n**3 - 6*n**2 - 5*n. Give c(-5).
0
Let v(w) = w**3 - 19*w**2 - w + 21. Determine v(19).
2
Let d(b) = 59*b**2 + 2*b + 1. Determine d(-1).
58
Let c(p) = -3*p**2 + 30*p + 77. What is c(12)?
5
Let i(v) = 3*v**3 - 2*v**2 + v - 4. Calculate i(-3).
-106
Let c(k) = -k**3 - 5*k**2 - 5*k + 2. What is c(-4)?
6
Let g(c) = c + 54. Calculate g(0).
54
Let h(b) = b**3 + b**2 + 11. What is h(-3)?
-7
Let j(l) = -5*l + 18. Determine j(2).
8
Let g(o) = -o**3 - 49*o**2 + 50*o - 8. Give g(-50).
-8
Let k(y) = y**3 + 4*y**2 + 2*y - 1. Calculate k(0).
-1
Let m(x) = -2*x**2 - 6*x + 5. What is m(-5)?
-15
Let c(b) = 4*b**3 - 57*b**2 + 16*b + 17. What is c(14)?
45
Let z(i) = i**2 - 10*i + 22. Calculate z(8).
6
Let f(s) = s**3 - 35*s**2 - s + 22. Determine f(35).
-13
Let d(l) = -2*l - 17. What is d(-4)?
-9
Let f(g) = 12*g**2 + 30*g + 4. Determine f(-3).
22
Let s(q) = -q**2 - 3*q - 3. What is s(-3)?
-3
Let j(v) = v**3 + 8*v**2 + 7*v + 10. Calculate j(-7).
10
Let w(r) = -r**3 + 3. Give w(0).
3
Let t(m) = -2*m**2 - 12*m - 16. Give t(-5).
-6
Let x(c) = 7*c + 61. Determine x(-10).
-9
Let x(i) = -i**2 - 9*i - 24. Give x(-7).
-10
Let g(d) = -4*d - 131. Calculate g(-35).
9
Let k(j) = j - 66. What is k(0)?
-66
Let r(u) = u**3 + 19*u**2 - 21*u + 5. What is r(-20)?
25
Let c(i) = i**2 - 9*i - 11. Determine c(11).
11
Let g(f) = 2*f**2 + 9*f + 3. Calculate g(-7).
38
Let o(j) = -4*j + 2. Give o(2).
-6
Let g(n) = 2*n + 7. Give g(5).
17
Let b(o) = -3*o**2 + 20*o - 1. Determine b(6).
11
Let b(j) = -j**3 + 8*j**2 - 14*j + 3. Calculate b(6).
-9
Let a(z) = z**2 + 5*z + 5. Give a(-4).
1
Let a(z) = -z**3 + 36*z**2 - 3*z + 114. Calculate a(36).
6
Let x(s) = -s**2 - 1. Give x(3).
-10
Let f(t) = -t**2 - t - 4. What is f(-8)?
-60
Let u(b) = -b**2 + 2*b + 9. What is u(-4)?
-15
Let r(a) = a**3 - 4*a**2 - 6*a + 2. Determine r(5).
-3
Let i(s) = -s**3 + 11*s**2 + s - 3. Give i(11).
8
Let c(n) = 2*n + 6. Calculate c(-5).
-4
Let f(i) = -i - 3. Give f(2).
-5
Let h(v) = -6*v - 1. Give h(3).
-19
Let u(n) = -n - 19. Determine u(-13).
-6
Let g(j) = 6*j**2 + 10*j + 6. Determine g(-4).
62
Let f(u) = 2*u**2 - 44*u + 85. Calculate f(20).
5
Let a(g) = 10*g + 5. Give a(1).
15
Let l(k) = 13*k - 1. What is l(1)?
12
Let v(m) = -30*m + 11. What is v(1)?
-19
Let a(n) = -n**2 + 6*n - 5. Calculate a(7).
-12
Let l(u) = 7*u + 47. Give l(-6).
5
Let q(y) = y**3 + 5*y**2 - 3*y + 13. What is q(-6)?
-5
Let k(g) = g**2 + 10*g + 13. Give k(-6).
-11
Let l(t) = t + 15. Give l(-13).
2
Let s(k) = k**3 + 4*k**2 - 8*k + 1. Calculate s(3).
40
Let p(k) = -94*k - 460. Determine p(-5).
10
Let y(g) = g**2 - 51*g + 642. Give y(22).
4
Let c(v) = v**2 + 2*v - 50. Give c(6).
-2
Let h(i) = 2*i**2 + 27*i - 8. Calculate h(-13).
-21
Let k(r) = r**2 + 7*r - 3. Give k(-9).
15
Let j(r) = 153*r**3 + r**2 + 2*r - 2. Calculate j(1).
154
Let f(r) = r**3 - r**2 + 3*r - 1. Give f(2).
9
Let j(o) = -o**3 + 22*o**2 - 41*o + 26. Give j(20).
6
Let d(c) = c + 16. Give d(-6).
10
Let k(h) = h**2 + 29*h - 49. Determine k(-31).
13
Let s(i) = 8*i - 9. Give s(-5).
-49
Let f(j) = -6*j + 7. What is f(2)?
-5
Let s(q) = -q**3 + 9*q**2 + 12*q - 12. Determine s(10).
8
Let d(t) = -t**2 + 12*t + 2. What is d(11)?
13
Let j(b) = 2*b - 61. What is j(25)?
-11
Let a(x) = -3*x - 16. Calculate a(-3).
-7
Let r(h) = -h + 46. Give r(0).
46
Let s(i) = -3*i - 12. Calculate s(-14).
30
Let d(h) = h**2 - 7*h - 5. Give d(-4).
39
Let m(h) = -h**3 + 12*h**2 + 11*h + 17. What is m(13)?
-9
Let p(k) = -38*k + 103. What is p(3)?
-11
Let g(k) = -k**3 + 4*k**2 + 3*k + 1. Calculate g(5).
-9
Let k(t) = -16*t - 14. Give k(0).
-14
Let k(z) = -z**3 + 4*z**2 - 2*z + 5. What is k(3)?
8
Let o(f) = -2*f**2 - 12*f + 9. Calculate o(-9).
-45
Let v(l) = -4*l. Give v(5).
-20
Let h(i) = 4*i + 12. Give h(-6).
-12
Let n(b) = b**2 + 4. What is n(2)?
8
Let i(l) = -2*l**2 - 22*l - 58. Calculate i(-7).
-2
Let u(n) = -8*n**2 + 4*n + 10. What is u(3)?
-50
Let h(d) = d**2 + 7*d + 7. Calculate h(-6).
1
Let u(w) = -2*w - 5. Give u(12).
-29
Let z(t) = -3*t + 11. Give z(7).
-10
Let k(f) = f**2 - 65*f - 587. What is k(-8)?
-3
Let j(q) = -5*q - 44. Determine j(-8).
-4
Let i(q) = -2*q**3 - 5*q**2 - 5*q - 3. What is i(-3)?
21
Let z(d) = -d**2 + 9*d - 4. Calculate z(10).
-14
Let g(a) = -a**2 + 6*a - 3. Calculate g(6).
-3
Let b(t) = 3*t - 25. What is b(9)?
2
Let j(a) = a**3 + 8*a**2 - 2*a. Calculate j(-8).
16
Let f(p) = p - 9. Determine f(2).
-7
Let j(g) = g**3 + 8*g**2 + 9*g + 2. What is j(-6)?
20
Let x(w) = w**3 + w**2 - 2*w - 1. What is x(-2)?
-1
Let h(f) = -f**2 + 2*f + 29. Give h(-5).
-6
Let q(b) = -b**3 - 5*b**2 + 2*b + 7. Determine q(-4).
-17
Let r(i) = 5*i + 5. Determine r(4).
25
Let a(l) = 2*l**3 + 21*l**2 - 10*l - 15. What is a(-11)?
-26
Let k(s) = -6*s + 11. Calculate k(0).
11
Let d(p) = -p**3 - 8*p**2 + 14*p - 9. Determine d(-10).
51
Let n(k) = -8*k - 152. What is n(-19)?
0
Let w(u) = -u**3 + 10*u**2 - 10*u + 8. Calculate w(9).
-1
Let r(x) = 2*x - 4. Give r(-2).
-8
Let k(c) = -5*c - 1. Calculate k(-6).
29
Let s(w) = w**3 + 13*w**2 + 11*w - 12. What is s(-12)?
0
Let x(k) = -15*k - 214. Calculate x(-14).
-4
Let r(u) = -6*u - 3. What is r(-9)?
51
Let g(k) = k**2 - 2*k - 26. What is g(7)?
9
Let b(u) = 85*u + 164. Determine b(-2).
-6
Let y(j) = -j**3 - 20*j**2 - 2*j - 22. Give y(-20).
18
Let j(u) = 4*u**3 - 2*u - 2. Give j(-1).
-4
Let k(t) = 5*t - 16. Determine k(5).
9
Let x(i) = 32*i**3 - i**2. What is x(1)?
31
Let g(w) = -w**3 + 18*w**2 + w - 22. Determine g(18).
-4
Let l(n) = n**3 - 9*n**2 + 8*n. What is l(8)?
0
Let y(h) = h**3 - 14*h**2 + 12*h - 19. Calculate y(13).
-32
Let a(x) = x**3 + 14*x**2 + 19*x + 19. Give a(-13).
-59
Let v(u) = -6*u - 21. Calculate v(-11).
45
Let x(g) = -g**2 - 23*g + 1. Calculate x(-23).
1
Let k(w) = -w**3 + 6*w**2 + 10*w - 6. What is k(8)?
-54
Let z(n) = -n**2 - 10*n - 19. What is z(-7)?
2
Let o(m) = -12*m**3 + m**2 - 1. Calculate o(-1).
12
Let d(z) = z**3 + 10*z**2 - 19*z + 62. Determine d(-12).
2
Let y(v) = v**2 + 2*v + 3. What is y(3)?
18
Let r(o) = -o**3 + 6*o**2 - 2*o + 9. Determine r(6).
-3
Let l(t) = -14*t**3 + t + 1. Give l(